l + 62 + 33 = 0. Let w = l + s. What is the units digit of w?
8
Let d(l) = l**2 + 2*l - 2. What is the units digit of d(-6)?
2
What is the hundreds digit of 13/((-52)/(-576)) - -3?
1
Suppose -356 = -4*r - 3*m - 47, -3*r = -m - 222. What is the units digit of r?
5
Let z(n) = -n**3 + 9*n**2 - 5*n + 3. What is the tens digit of z(8)?
2
Suppose 10*y = -4*h + 7*y + 478, 3*h - 356 = -y. What is the units digit of h?
8
Suppose -5*l + 10 = 35. Let n = l + 11. What is the units digit of n?
6
Let z be (-2 - -1 - -1) + 4. Let u(x) = x**3 - 3*x**2 - 5*x + 4. Let b be u(z). Suppose b = f, 2*c + 0*f - 10 = -5*f. What is the units digit of c?
5
Suppose 19 = -4*j - 1. Let a = 33 + j. What is the tens digit of a?
2
Suppose -r = -0*r - 4. Suppose -5*t + 6 = -3*n + n, r*t - 2*n - 4 = 0. Let h = t - 1. What is the units digit of h?
1
Suppose -3*w + 24 = 9. Let d = 5 - w. Suppose d = 5*y - 6*y + 9. What is the units digit of y?
9
Let f(p) = -p**2 - 8*p - 7. Let c = 2 + -2. Let q be c - -6*(-2)/2. What is the units digit of f(q)?
5
Suppose -3*a - 2*b = -8, -4*a = 5*b + 1 - 0. What is the units digit of a?
6
Suppose 11*m = 6*m + 420. Suppose -m = -h - h. What is the tens digit of h?
4
Let p be ((-6)/9)/((-4)/30). Suppose j = o - 7, p*o - 2*o + j - 41 = 0. What is the tens digit of o?
1
Suppose 0*v = -3*v + 57. Suppose 0 = -m - 0 - 11. Let a = m + v. What is the units digit of a?
8
Suppose 0 = 5*t + 3*f - 239, -3*t + 0*t + 5*f + 123 = 0. Suppose -2*j - i - 4*i = -t, 86 = 5*j - 2*i. What is the tens digit of j?
1
Suppose -3*u + 5*q = -320, 292 + 120 = 4*u - 3*q. What is the tens digit of u?
0
Let h be -2*(0 - (-3 + 7)). Suppose -4*u = -h*u + 28. What is the units digit of u?
7
Let k(b) = -b**3 + 7*b**2 + b - 3. Let a(m) = -4*m**3 + m**2 + m + 1. Let o be a(-1). Let y = 12 - o. What is the units digit of k(y)?
4
Let f = 72 - 41. What is the units digit of f?
1
Suppose 37 = -5*s - 3*l, 3*s = 7*l - 2*l - 29. Let g = s - -13. Suppose 2*v - g = v. What is the units digit of v?
5
Let r(b) = -29*b - 52. What is the tens digit of r(-9)?
0
Let d(w) be the first derivative of w**4/4 - w**3 - 2*w**2 + 5*w + 3. What is the units digit of d(4)?
5
Let l = 4 + -1. Suppose -7*q + 35 = l*x - 3*q, 0 = -q + 2. What is the units digit of x?
9
Let o = -13 - -6. Let n = 10 + o. What is the units digit of n?
3
Suppose -2*m = -4*x + 18, 3*m + 17 = 4*x + 2*m. Suppose -x*n - n - 4*j - 200 = 0, 0 = 5*n + j + 200. Let v = -24 - n. What is the units digit of v?
6
Suppose -3*j + 389 = -343. What is the tens digit of j?
4
What is the tens digit of 24/(18/(-8)*11/(-66))?
6
Let o be (-2)/(-4)*0/9. Let i be (o/1)/(4 + -3). Suppose g + i = -3*b + 23, -3*b = 2*g - 28. What is the units digit of b?
6
Suppose 5*a = -0*a + 110. What is the tens digit of a?
2
Suppose 6*g - 2*g - 4*i = -48, -5*g + 2*i = 48. Let m(b) = -b**3 - 8*b**2 - 2*b - 11. What is the units digit of m(g)?
5
Let l be 21/(-49) + (-34)/(-14). Suppose 2*x - l*j - 57 = 39, -2*j + 129 = 3*x. What is the tens digit of x?
4
What is the tens digit of 362/(-20)*-4 + (-48)/120?
7
Let z = 52 - 29. Let q = z - 8. What is the units digit of q?
5
Suppose -7*v = -11*v + 412. What is the tens digit of v?
0
Let s = 61 + -29. Suppose -f - 4*u = -s, -5*f - 2*u + 60 = -10. What is the tens digit of f?
1
Let z(x) = 17*x - 1. What is the units digit of z(3)?
0
Let i(y) = -7*y - 8. What is the tens digit of i(-6)?
3
Let n = 15 - 12. Suppose n*m - 29 = 19. What is the units digit of m?
6
Suppose 0*b - 2*b = -164. What is the tens digit of b?
8
Suppose -3*q + 4*q - 36 = 0. Let c = -18 + q. What is the tens digit of c?
1
Let n be (-1)/2*2*-114. Let a = -68 + n. What is the tens digit of a?
4
Let f = -5 + 9. Suppose -2*c - f*u + 32 = 0, 22 = 3*c - 4*u - 16. What is the units digit of c?
4
Suppose 422 = 4*p + 3*x, 4*p + x - 245 = 173. What is the hundreds digit of p?
1
Suppose 2*c = -2, -4*y - 193 = -5*y - 5*c. What is the units digit of y?
8
Let f be 3/(1 - -2) + -17. Let c be (-155)/(-4) - 4/f. Suppose 0 = 2*b - 3*l - c, 2*l - 25 = -2*b - 1. What is the units digit of b?
5
Suppose -25*k = -21*k - 444. What is the hundreds digit of k?
1
Suppose -2*y - 10 = 0, -d - 2*y + 121 - 43 = 0. What is the units digit of d?
8
Suppose 0 = 2*m - 10 - 80. What is the units digit of m?
5
Let t be (75/(-20))/((-3)/(-12)). Let v = -11 - t. What is the units digit of v?
4
Suppose 5*m = -4*x + 193, -4*m - 5*x + 30 = -119. What is the units digit of m?
1
Suppose 4*a = 9 + 275. Let u = a + -51. What is the units digit of u?
0
Let f(i) = -19*i - 22. What is the hundreds digit of f(-7)?
1
Let o = -108 - -297. What is the hundreds digit of o?
1
Let u(n) = n**3 + 6*n**2 - n - 1. Let q be u(-6). Suppose -30 = 2*v + 2*l, -5*v + q*l = 103 + 2. What is the units digit of 119/9 - (-4)/v?
3
What is the units digit of (-5 - -16) + -1 + 0?
0
Let r = -231 + 349. What is the tens digit of r?
1
Let r(b) = b**3 + 11*b**2 - 12*b + 2. What is the units digit of r(-12)?
2
Suppose -3*b = -3*a - 2*b + 4, -3*a = -4*b + 2. Suppose y - 1 = -0. Suppose y = 3*g - a. What is the units digit of g?
1
Let t(k) be the first derivative of 0 + k**2 + 2*k + k - 1. What is the units digit of t(3)?
9
Suppose -h - 31 = -2*s + s, 5*s - 146 = -4*h. What is the tens digit of s?
3
Let k be 6/8 + 15/(-20). Suppose -3*v + 156 - 3 = k. What is the tens digit of v?
5
Suppose -q = f - 5*q - 13, 0 = -5*f - 3*q - 4. Let a = 1 + f. What is the units digit of a?
2
Suppose 4*d + 3*z = 144, -2*z = -d + 43 - 7. What is the tens digit of d?
3
Let f be -2*2*(-6)/4. Suppose -f*d = -d. Suppose d*j = j - 6. What is the units digit of j?
6
Suppose 3*l + 169 = v + v, -3*v - 5*l + 301 = 0. What is the units digit of v?
2
Suppose -c + 2*c = -4. Let d = c - -5. Suppose 0 = -k - w + d, -3*k + 8*w = 4*w - 31. What is the units digit of k?
5
Let d = -2 - -4. What is the units digit of -12*d/(-2) - -2?
4
Suppose 0 = 5*q - 2*q + 6, 0 = 4*n + 5*q + 30. Let z = -9 - n. What is the units digit of z/10*(-9 + -1)?
4
Let g be -3 + (75 - 2) - -1. Suppose -4*h - 23 = -g. What is the units digit of h?
2
Let p = -13 + 45. What is the units digit of p?
2
Let p be (0 + 0)/(9 + -11). Suppose p = n - 22 + 8. What is the tens digit of n?
1
Let l = 48 + -17. Suppose 4*a - 5 - l = 0. What is the units digit of a?
9
Let l = -7 + 3. What is the tens digit of 6/(l - 105/(-24))?
1
Let v = -60 - -116. What is the tens digit of v?
5
Suppose -2*o = 4*g - 198, 4*o - 405 = g - 0*g. Suppose -37 = 4*v - o. What is the tens digit of v?
1
Let u(s) = -4*s + 5*s + 1 - 6*s**3 - 9*s**3. Let b be u(-1). What is the units digit of ((-70)/b)/(2/(-3))?
7
Let x = -47 + 89. What is the units digit of x?
2
Let o(d) = d**2 - 12*d + 17. Let b be o(13). Suppose 0*m + 2*i = -m - 2, -4*m + 5*i + 18 = 0. Suppose 12 + b = m*q. What is the tens digit of q?
2
Let h be (-4)/2 + -1 + -1. Let t = -3 - h. What is the units digit of t?
1
Suppose -2*o - 108 = -5*o. What is the tens digit of o?
3
Suppose -6 = -2*y + 4. Let m(b) = b**3 - 5*b**2 + 2*b - 7. What is the units digit of m(y)?
3
Let d = 14 - 10. What is the units digit of d?
4
Let m(q) be the first derivative of 2 + 14/3*q**3 - 1/2*q**2 + 0*q. What is the tens digit of m(1)?
1
Let q(z) = 0*z - 3*z + z**2 - 49 + 41. What is the tens digit of q(7)?
2
Let p be ((-16)/6)/((-8)/(-48)). Let h = p - -44. What is the tens digit of h?
2
Suppose 0*j + 4*j = 4*b - 8, 2*b - 3*j - 9 = 0. Let s(g) = -5*g - 3. What is the units digit of s(b)?
2
Let f be (4*-1)/(-8 - -6). Suppose 5*j = 5*v - 0*j - 45, -f*v = 2*j + 2. What is the units digit of v?
4
Let j(l) = l**2 + 4*l + 4. Let s be j(-2). Suppose s = -w + 6 + 14. What is the tens digit of w?
2
Let u = 1 + 49. What is the units digit of u?
0
Suppose -4*n + 4*u + 192 = 0, -3*n - 108 = -5*n - u. What is the tens digit of n?
5
Let y(g) = -3*g**3 + 3*g**2 + 9*g + 7. Let m(i) = i**3 + i**2 - i - 1. Let j(h) = 4*m(h) + y(h). What is the units digit of j(-4)?
1
Let i = 6 - 3. Suppose 2*m = i*m. Suppose 4*u + 0*u - 20 = m. What is the units digit of u?
5
Let t(v) = -3*v**3 + 6*v**2 + 3*v. Let g(i) = 2*i**3 - 6*i**2 - 4*i. Let k(n) = 4*g(n) + 3*t(n). Let y = -5 - 0. What is the units digit of k(y)?
0
Let l(k) = 3*k - 10. Let v be l(9). What is the units digit of (-9)/3*v/(-3)?
7
Let s(r) be the first derivative of -